ands digit of 700359802?
3
What is the ten thousands digit of 85887915?
8
What is the units digit of 49355400?
0
What is the ten thousands digit of 254352202?
5
What is the millions digit of 247592223?
7
What is the ten thousands digit of 110864224?
6
What is the hundred thousands digit of 2554299166?
2
What is the tens digit of 3478168582?
8
What is the thousands digit of 119519268?
9
What is the ten thousands digit of 160427485?
2
What is the hundreds digit of 499753880?
8
What is the hundred thousands digit of 320632561?
6
What is the thousands digit of 26375623?
5
What is the hundreds digit of 670247140?
1
What is the hundred thousands digit of 1589822702?
8
What is the ten thousands digit of 1434007924?
0
What is the billions digit of 2189458869?
2
What is the tens digit of 15285421?
2
What is the hundred millions digit of 178055634?
1
What is the ten millions digit of 90163882?
9
What is the hundred thousands digit of 198284092?
2
What is the units digit of 4958169425?
5
What is the thousands digit of 683353347?
3
What is the thousands digit of 28049077?
9
What is the hundred millions digit of 932073429?
9
What is the millions digit of 117696899?
7
What is the ten thousands digit of 51215171?
1
What is the hundred thousands digit of 19497371?
4
What is the thousands digit of 165579360?
9
What is the hundred millions digit of 4239058651?
2
What is the hundred millions digit of 1675223506?
6
What is the thousands digit of 100624139?
4
What is the ten thousands digit of 432868659?
6
What is the millions digit of 43491791?
3
What is the tens digit of 39837586?
8
What is the units digit of 567879946?
6
What is the ten millions digit of 17345898?
1
What is the billions digit of 1816957107?
1
What is the ten millions digit of 639396607?
3
What is the ten millions digit of 16443853?
1
What is the ten thousands digit of 14892632?
9
What is the thousands digit of 5622788?
2
What is the millions digit of 123009187?
3
What is the millions digit of 174941236?
4
What is the thousands digit of 4731180113?
0
What is the hundred thousands digit of 1796670190?
6
What is the ten thousands digit of 275902598?
0
What is the ten millions digit of 178440325?
7
What is the units digit of 9206969?
9
What is the units digit of 70354074?
4
What is the hundreds digit of 184727407?
4
What is the ten thousands digit of 88269914?
6
What is the ten thousands digit of 2330871109?
7
What is the units digit of 106429378?
8
What is the tens digit of 44175170?
7
What is the tens digit of 659452033?
3
What is the thousands digit of 101109243?
9
What is the tens digit of 36956241?
4
What is the hundred thousands digit of 1135664943?
6
What is the tens digit of 385459348?
4
What is the hundreds digit of 2618937507?
5
What is the ten millions digit of 47837720?
4
What is the tens digit of 121230672?
7
What is the thousands digit of 12952043?
2
What is the units digit of 90125104?
4
What is the units digit of 571564958?
8
What is the ten millions digit of 60124778?
6
What is the tens digit of 450086?
8
What is the units digit of 231677636?
6
What is the ten thousands digit of 11798234?
9
What is the ten thousands digit of 2063470491?
7
What is the hundreds digit of 109413617?
6
What is the units digit of 6167214141?
1
What is the hundred thousands digit of 3603788195?
7
What is the hundreds digit of 92186735?
7
What is the ten millions digit of 111293732?
1
What is the ten thousands digit of 573490361?
9
What is the hundreds digit of 4432428460?
4
What is the millions digit of 176846082?
6
What is the units digit of 654168822?
2
What is the ten millions digit of 1120853566?
2
What is the tens digit of 2751999998?
9
What is the thousands digit of 196848852?
8
What is the hundred millions digit of 184202576?
1
What is the millions digit of 1227804312?
7
What is the ten thousands digit of 2025632531?
3
What is the ten thousands digit of 578481755?
8
What is the millions digit of 555410911?
5
What is the hundred thousands digit of 401669918?
6
What is the millions digit of 83122099?
3
What is the hundred millions digit of 201524264?
2
What is the hundreds digit of 200288640?
6
What is the thousands digit of 368615527?
5
What is the hundred thousands digit of 107737173?
7
What is the millions digit of 4132213?
4
What is the tens digit of 55081984?
8
What is the units digit of 795894013?
3
What is the hundred thousands digit of 5137934457?
9
What is the hundreds digit of 100177912?
9
What is the thousands digit of 464805297?
5
What is the units digit of 104974130?
0
What is the hundred millions digit of 2351246796?
3
What is the millions digit of 1574358877?
4
What is the hundreds digit of 6021003510?
5
What is the ten thousands digit of 51715101?
1
What is the ten millions digit of 948031770?
4
What is the ten thousands digit of 1401327062?
2
What is the hundred thousands digit of 620064221?
0
What is the ten thousands digit of 13485173?
8
What is the hundred thousands digit of 2590978467?
9
What is the hundred thousands digit of 15106801?
1
What is the thousands digit of 370439220?
9
What is the units digit of 2034425887?
7
What is the thousands digit of 108940429?
0
What is the millions digit of 313782473?
3
What is the units digit of 56208710?
0
What is the millions digit of 4509074065?
9
What is the tens digit of 36969824?
2
What is the ten millions digit of 1685475467?
8
What is the millions digit of 702086203?
2
What is the billions digit of 5219654871?
5
What is the units digit of 601931459?
9
What is the millions digit of 477429404?
7
What is the millions digit of 334915514?
4
What is the millions digit of 9155557?
9
What is the units digit of 298549449?
9
What is the hundreds digit of 1498462412?
4
What is the hundreds digit of 662080445?
4
What is the millions digit of 46673168?
6
What is the units digit of 1055172075?
5
What is the units digit of 16388285?
5
What is the ten thousands digit of 272945024?
4
What is the billions digit of 2446496972?
2
What is the thousands digit of 617117249?
7
What is the tens digit of 322491577?
7
What is the thousands digit of 55562123?
2
What is the millions digit of 55014072?
5
What is the tens digit of 456049575?
7
What is the hundred millions digit of 1153614284?
1
What is the units digit of 582593304?
4
What is the ten millions digit of 97838978?
9
What is the ten thousands digit of 26176925?
7
What is the ten millions digit of 106413041?
0
What is the units digit of 1652333022?
2
What is the units digit of 11550438?
8
What is the ten millions digit of 31034126?
3
What is the tens digit of 5106948008?
0
What is the ten thousands digit of 656314702?
1
What is the ten thousands digit of 413632?
1
What is the hundred thousands digit of 536555381?
5
What is the ten millions digit of 128349353?
2
What is the ten thousands digit of 1226023819?
2
What is the hundreds digit of 4656450424?
4
What is the ten thousands digit of 487654438?
5
What is the hundred millions digit of 200551815?
2
What is the thousands digit of 59557691?
7
What is the ten millions digit of 44035112?
4
What is the thousands digit of 101743958?
3
What is the hundreds digit of 1084732354?
3
What is the hundred thousands digit of 2781341334?
3
What is the hundred millions digit of 550507968?
5
What is the hundred thousands digit of 1839515223?
5
What is the hundreds digit of 771514786?
7
What is the hundred millions digit of 937334774?
9
What is the tens digit of 218165131?
3
What is the millions digit of 4988993?
4
What is the tens digit of 1076667006?
0
What is the tens digit of 1201339822?
2
What is the hundreds digit of 177870255?
2
What is the ten thousands digit of 21044906?
4
What is the tens digit of 1979244528?
2
What is the billions digit of 1261866933?
1
What is the hundred millions digit of 319296769?
3
What is the thousands digit of 1034432634?
2
What is the ten millions digit of 85169616?
8
What is the hundreds digit of 72834336?
3
What is the hundred thousands digit of 19912386?
9
What is the hundreds digit of 4365800880?
8
What is the hundred thousands digit of 36811573?
8
What is the thousands digit of 160228119?
8
What is the units digit of 721904588?
8
What is the tens digit of 814468484?
8
What is the millions digit of 6785813?
6
What is the ten mi